{"id":664,"date":"2022-08-22T10:35:24","date_gmt":"2022-08-22T10:35:24","guid":{"rendered":"https:\/\/blessingloaf.com\/?post_type=product&#038;p=664"},"modified":"2023-04-13T22:51:20","modified_gmt":"2023-04-13T22:51:20","slug":"proclamas-por-nuestros-hijos-digital","status":"publish","type":"product","link":"https:\/\/blessingloaf.com\/index.php\/product\/proclamas-por-nuestros-hijos-digital\/","title":{"rendered":"Proclamas por nuestros hijos (Digital)"},"content":{"rendered":"<p>Libro devocional bellamente ilustrado a todo color, con el desaf\u00edo de levantar \u201cProclamas por nuestros hijos\u201d durante 30 d\u00edas junto a la gu\u00eda de la Palabra de Dios. En estas p\u00e1ginas podr\u00e1s levantar una proclama diarias en tus oraciones, podr\u00e1s realizar anotaciones personales y llevar un registro de este proceso.<\/p>\n","protected":false},"excerpt":{"rendered":"<p>Libro devocional digital (PDF) de 52 p\u00e1ginas, bellamente ilustrado a todo color, con el desaf\u00edo de levantar \u201cProclamas por nuestros hijos\u201d durante 30 d\u00edas junto a la gu\u00eda de la Palabra de Dios. En estas p\u00e1ginas podr\u00e1s levantar una proclama diarias en tus oraciones, podr\u00e1s realizar anotaciones personales y llevar un registro de este proceso.<\/p>\n","protected":false},"featured_media":675,"comment_status":"open","ping_status":"closed","template":"","meta":{"_et_pb_use_builder":"","_et_pb_old_content":"","_et_gb_content_width":""},"product_brand":[],"product_cat":[33,91],"product_tag":[],"class_list":{"0":"post-664","1":"product","2":"type-product","3":"status-publish","4":"has-post-thumbnail","6":"product_cat-libros-digitales","7":"product_cat-digital-devocional","9":"first","10":"instock","11":"downloadable","12":"virtual","13":"taxable","14":"purchasable","15":"product-type-simple"},"jetpack_sharing_enabled":true,"_links":{"self":[{"href":"https:\/\/blessingloaf.com\/index.php\/wp-json\/wp\/v2\/product\/664","targetHints":{"allow":["GET"]}}],"collection":[{"href":"https:\/\/blessingloaf.com\/index.php\/wp-json\/wp\/v2\/product"}],"about":[{"href":"https:\/\/blessingloaf.com\/index.php\/wp-json\/wp\/v2\/types\/product"}],"replies":[{"embeddable":true,"href":"https:\/\/blessingloaf.com\/index.php\/wp-json\/wp\/v2\/comments?post=664"}],"wp:featuredmedia":[{"embeddable":true,"href":"https:\/\/blessingloaf.com\/index.php\/wp-json\/wp\/v2\/media\/675"}],"wp:attachment":[{"href":"https:\/\/blessingloaf.com\/index.php\/wp-json\/wp\/v2\/media?parent=664"}],"wp:term":[{"taxonomy":"product_brand","embeddable":true,"href":"https:\/\/blessingloaf.com\/index.php\/wp-json\/wp\/v2\/product_brand?post=664"},{"taxonomy":"product_cat","embeddable":true,"href":"https:\/\/blessingloaf.com\/index.php\/wp-json\/wp\/v2\/product_cat?post=664"},{"taxonomy":"product_tag","embeddable":true,"href":"https:\/\/blessingloaf.com\/index.php\/wp-json\/wp\/v2\/product_tag?post=664"}],"curies":[{"name":"wp","href":"https:\/\/api.w.org\/{rel}","templated":true}]}}